{"id":34,"date":"2024-02-10T18:52:26","date_gmt":"2024-02-10T18:52:26","guid":{"rendered":"https:\/\/magisterasesores.com\/?page_id=34"},"modified":"2024-02-19T15:04:07","modified_gmt":"2024-02-19T21:04:07","slug":"servicios","status":"publish","type":"page","link":"https:\/\/magisterasesores.com\/index.php\/servicios\/","title":{"rendered":"Servicios"},"content":{"rendered":"\n<div class=\"wp-block-group\"><div class=\"wp-block-group__inner-container is-layout-constrained wp-block-group-is-layout-constrained\">\n<div class=\"wp-block-columns is-layout-flex wp-container-core-columns-is-layout-28f84493 wp-block-columns-is-layout-flex\">\n<div class=\"wp-block-column is-layout-flow wp-block-column-is-layout-flow\">\n<div class=\"wp-block-group is-vertical is-layout-flex wp-container-core-group-is-layout-fe9cc265 wp-block-group-is-layout-flex\">\n<div class=\"wp-block-group is-nowrap is-layout-flex wp-container-core-group-is-layout-6c531013 wp-block-group-is-layout-flex\">\n<figure class=\"wp-block-image size-full is-resized\"><img loading=\"lazy\" decoding=\"async\" width=\"140\" height=\"200\" src=\"https:\/\/magisterasesores.com\/wp-content\/uploads\/2024\/02\/logotipo2_nobg.png\" alt=\"\" class=\"wp-image-179\" style=\"width:34px;height:auto\"\/><\/figure>\n\n\n\n<h4 class=\"wp-block-heading has-text-align-left\">Despacho aduanero de mercanc\u00edas<\/h4>\n<\/div>\n\n\n<span><a onclick=\"read_toggle(1497653484, 'Detalles', 'Menos detalles'); return false;\" class=\"read-link\" id=\"readlink1497653484\" style=\"readlink\" href=\"#\">Detalles<\/a><\/span>\n<div class=\"read_div\" id=\"read1497653484\" style=\"display: none;\"><\/p>\n\n\n\n<p class=\"has-text-align-center has-medium-font-size\">Contamos con m\u00e1s de 20 a\u00f1os de experiencia realizando tr\u00e1mites aduaneros.<\/p>\n\n\n<p><\/div>\n<\/div>\n<\/div>\n\n\n\n<div class=\"wp-block-column is-layout-flow wp-block-column-is-layout-flow\">\n<figure class=\"wp-block-image size-full is-style-rounded\"><img loading=\"lazy\" decoding=\"async\" width=\"870\" height=\"440\" src=\"https:\/\/magisterasesores.com\/wp-content\/uploads\/2024\/02\/operacion-aduanera1.jpg\" alt=\"\" class=\"wp-image-57\"\/><\/figure>\n<\/div>\n\n\n\n<div class=\"wp-block-column is-layout-flow wp-block-column-is-layout-flow\">\n<div class=\"wp-block-group is-vertical is-layout-flex wp-container-core-group-is-layout-fe9cc265 wp-block-group-is-layout-flex\">\n<div class=\"wp-block-group is-nowrap is-layout-flex wp-container-core-group-is-layout-6c531013 wp-block-group-is-layout-flex\">\n<figure class=\"wp-block-image size-full is-resized\"><img loading=\"lazy\" decoding=\"async\" width=\"140\" height=\"200\" src=\"https:\/\/magisterasesores.com\/wp-content\/uploads\/2024\/02\/logotipo2_nobg.png\" alt=\"\" class=\"wp-image-179\" style=\"width:34px\"\/><\/figure>\n\n\n\n<h4 class=\"wp-block-heading\">Asignaci\u00f3n de medios de transporte<\/h4>\n<\/div>\n<\/div>\n\n\n<span><a onclick=\"read_toggle(1168672191, 'Detalles', 'Menos detalles'); return false;\" class=\"read-link\" id=\"readlink1168672191\" style=\"readlink\" href=\"#\">Detalles<\/a><\/span>\n<div class=\"read_div\" id=\"read1168672191\" style=\"display: none;\"><\/p>\n\n\n\n<p class=\"has-text-align-center has-medium-font-size\">Manejamos contenedores y carga suelta<\/p>\n\n\n<p><\/div>\n<\/div>\n<\/div>\n\n\n\n<div style=\"height:154px\" aria-hidden=\"true\" class=\"wp-block-spacer\"><\/div>\n\n\n\n<div class=\"wp-block-columns is-layout-flex wp-container-core-columns-is-layout-28f84493 wp-block-columns-is-layout-flex\">\n<div class=\"wp-block-column is-layout-flow wp-block-column-is-layout-flow\">\n<div class=\"wp-block-group is-vertical is-content-justification-center is-layout-flex wp-container-core-group-is-layout-ce155fab wp-block-group-is-layout-flex\" style=\"font-style:normal;font-weight:400\">\n<div class=\"wp-block-group is-nowrap is-layout-flex wp-container-core-group-is-layout-6c531013 wp-block-group-is-layout-flex\">\n<figure class=\"wp-block-image size-full is-resized\"><img loading=\"lazy\" decoding=\"async\" width=\"140\" height=\"200\" src=\"https:\/\/magisterasesores.com\/wp-content\/uploads\/2024\/02\/logotipo2_nobg.png\" alt=\"\" class=\"wp-image-179\" style=\"width:34px\"\/><\/figure>\n\n\n\n<h5 class=\"wp-block-heading has-text-align-left\">Asesor\u00edas en clasificaci\u00f3n arancelaria y operaci\u00f3n aduanera<\/h5>\n<\/div>\n<\/div>\n\n\n<span><a onclick=\"read_toggle(1944001917, 'Detalles', 'Menos detalles'); return false;\" class=\"read-link\" id=\"readlink1944001917\" style=\"readlink\" href=\"#\">Detalles<\/a><\/span>\n<div class=\"read_div\" id=\"read1944001917\" style=\"display: none;\"><\/p>\n\n\n\n<p class=\"has-text-align-center has-medium-font-size\">Servicio de clasificaci\u00f3n arancelaria y de mercanc\u00edas, as\u00ed como tambi\u00e9n consultas de operaci\u00f3n aduanera, principalmente del tr\u00e1fico mar\u00edtimo en el pac\u00edfico y en el golfo de M\u00e9xico.<\/p>\n\n\n<p><\/div>\n<\/div>\n\n\n\n<div class=\"wp-block-column is-layout-flow wp-block-column-is-layout-flow\">\n<figure class=\"wp-block-image size-full is-style-rounded\"><img loading=\"lazy\" decoding=\"async\" width=\"1024\" height=\"677\" src=\"https:\/\/magisterasesores.com\/wp-content\/uploads\/2024\/02\/curso-comercio-exterior2.jpg\" alt=\"\" class=\"wp-image-73\"\/><\/figure>\n<\/div>\n\n\n\n<div class=\"wp-block-column is-layout-flow wp-block-column-is-layout-flow\">\n<div class=\"wp-block-group is-vertical is-content-justification-center is-layout-flex wp-container-core-group-is-layout-ce155fab wp-block-group-is-layout-flex\">\n<div class=\"wp-block-group is-nowrap is-layout-flex wp-container-core-group-is-layout-6c531013 wp-block-group-is-layout-flex\">\n<figure class=\"wp-block-image size-full is-resized\"><img loading=\"lazy\" decoding=\"async\" width=\"140\" height=\"200\" src=\"https:\/\/magisterasesores.com\/wp-content\/uploads\/2024\/02\/logotipo2_nobg.png\" alt=\"\" class=\"wp-image-179\" style=\"width:34px\"\/><\/figure>\n\n\n\n<h5 class=\"wp-block-heading has-black-color has-text-color has-link-color wp-elements-05d80f970807c484e96fd21f0cc02e66\">Cursos y capacitaci\u00f3n en materia aduanera y arancelaria<\/h5>\n<\/div>\n\n\n<span><a onclick=\"read_toggle(242937494, 'Detalles', 'Menos detalles'); return false;\" class=\"read-link\" id=\"readlink242937494\" style=\"readlink\" href=\"#\">Detalles<\/a><\/span>\n<div class=\"read_div\" id=\"read242937494\" style=\"display: none;\"><\/p>\n\n\n\n<p class=\"has-text-align-center has-medium-font-size\">Servicio de capacitaci\u00f3n de personal.<\/p>\n\n\n<p><\/div>\n<\/div>\n<\/div>\n<\/div>\n<\/div><\/div>\n","protected":false},"excerpt":{"rendered":"<p>Despacho aduanero de mercanc\u00edas Asignaci\u00f3n de medios de transporte Asesor\u00edas en clasificaci\u00f3n arancelaria y operaci\u00f3n aduanera Cursos y capacitaci\u00f3n en materia aduanera y arancelaria<\/p>\n","protected":false},"author":2,"featured_media":127,"parent":0,"menu_order":0,"comment_status":"closed","ping_status":"closed","template":"","meta":{"footnotes":""},"class_list":["post-34","page","type-page","status-publish","has-post-thumbnail","hentry"],"_links":{"self":[{"href":"https:\/\/magisterasesores.com\/index.php\/wp-json\/wp\/v2\/pages\/34","targetHints":{"allow":["GET"]}}],"collection":[{"href":"https:\/\/magisterasesores.com\/index.php\/wp-json\/wp\/v2\/pages"}],"about":[{"href":"https:\/\/magisterasesores.com\/index.php\/wp-json\/wp\/v2\/types\/page"}],"author":[{"embeddable":true,"href":"https:\/\/magisterasesores.com\/index.php\/wp-json\/wp\/v2\/users\/2"}],"replies":[{"embeddable":true,"href":"https:\/\/magisterasesores.com\/index.php\/wp-json\/wp\/v2\/comments?post=34"}],"version-history":[{"count":22,"href":"https:\/\/magisterasesores.com\/index.php\/wp-json\/wp\/v2\/pages\/34\/revisions"}],"predecessor-version":[{"id":227,"href":"https:\/\/magisterasesores.com\/index.php\/wp-json\/wp\/v2\/pages\/34\/revisions\/227"}],"wp:featuredmedia":[{"embeddable":true,"href":"https:\/\/magisterasesores.com\/index.php\/wp-json\/wp\/v2\/media\/127"}],"wp:attachment":[{"href":"https:\/\/magisterasesores.com\/index.php\/wp-json\/wp\/v2\/media?parent=34"}],"curies":[{"name":"wp","href":"https:\/\/api.w.org\/{rel}","templated":true}]}}